0?
False
Does 289 divide 19905742?
True
Does 152 divide 3200664?
True
Is 148 a factor of 1300772?
True
Does 23 divide 613962?
True
Is 247 a factor of 73662?
False
Is 10 a factor of 2641105?
False
Is 2 a factor of 505246?
True
Is 18619437 a multiple of 31?
True
Is 864999 a multiple of 12?
False
Is 40907 a multiple of 4?
False
Is 30 a factor of 1783710?
True
Is 25 a factor of 5750?
True
Is 11 a factor of 11984159?
True
Is 158312 a multiple of 22?
True
Does 105 divide 132720?
True
Does 19 divide 16297630?
True
Is 2376642 a multiple of 909?
False
Is 178128 a multiple of 106?
False
Does 3 divide 673568?
False
Does 15 divide 1430355?
True
Does 141 divide 149539?
False
Does 9 divide 1309644?
True
Is 215380 a multiple of 182?
False
Is 17491 a multiple of 18?
False
Is 167673 a multiple of 33?
True
Does 199 divide 1136050?
False
Does 197 divide 1028537?
True
Is 85400 a multiple of 25?
True
Does 234 divide 25272?
True
Is 391689 a multiple of 491?
False
Does 31 divide 108903?
True
Is 1157868 a multiple of 142?
True
Is 5 a factor of 30415?
True
Is 52 a factor of 583804?
True
Is 720533 a multiple of 341?
True
Is 2359712 a multiple of 296?
True
Is 26 a factor of 134680?
True
Is 1150 a factor of 446200?
True
Is 114 a factor of 147724?
False
Is 126 a factor of 78467?
False
Does 6 divide 63314?
False
Does 53 divide 536032?
False
Does 11 divide 753487?
False
Is 11 a factor of 797553?
False
Is 63 a factor of 109116?
True
Is 4688451 a multiple of 771?
True
Is 326 a factor of 88998?
True
Does 36 divide 865680?
False
Is 15 a factor of 183081?
False
Is 839 a factor of 3830596?
False
Does 95 divide 3202302?
False
Does 79 divide 782890?
True
Is 7854161 a multiple of 155?
False
Is 87 a factor of 205542?
False
Is 126485 a multiple of 617?
True
Is 1299038 a multiple of 442?
True
Does 41 divide 244401?
True
Is 4440300 a multiple of 15?
True
Is 59 a factor of 9877425?
False
Is 3 a factor of 50661?
True
Is 12864887 a multiple of 16?
False
Is 66 a factor of 153054?
True
Is 45 a factor of 2916450?
True
Is 26 a factor of 79768?
True
Does 5 divide 4648?
False
Is 3 a factor of 616675?
False
Is 2061162 a multiple of 129?
True
Does 20 divide 287998?
False
Is 204960 a multiple of 162?
False
Is 3673086 a multiple of 3?
True
Does 8 divide 2071849?
False
Is 1541 a multiple of 67?
True
Does 54 divide 44986?
False
Is 71 a factor of 636728?
True
Does 22 divide 1637074?
False
Does 27 divide 1002730?
False
Does 308 divide 1111452?
False
Is 14 a factor of 1390409?
False
Does 53 divide 254824?
True
Does 243 divide 4598532?
True
Does 5 divide 171763?
False
Is 1221850 a multiple of 135?
False
Is 448 a factor of 440382?
False
Is 7 a factor of 243338?
False
Does 254 divide 117700?
False
Is 18 a factor of 118313?
False
Does 26 divide 118649?
False
Does 90 divide 11378160?
True
Does 6 divide 24286?
False
Is 4790422 a multiple of 91?
True
Is 239832 a multiple of 9?
True
Is 399 a factor of 71022?
True
Does 4 divide 38070?
False
Is 11 a factor of 69047?
True
Does 145 divide 70615?
True
Is 23205850 a multiple of 425?
True
Is 31 a factor of 5915190?
False
Does 14 divide 945123?
False
Is 205 a factor of 963705?
True
Is 1365 a factor of 4869346?
False
Is 6 a factor of 7751286?
True
Is 2805733 a multiple of 514?
False
Is 9 a factor of 22203?
True
Is 86 a factor of 38045?
False
Is 652715 a multiple of 35?
True
Is 314945 a multiple of 10?
False
Does 752 divide 12614048?
True
Is 9 a factor of 1413822?
False
Is 190993 a multiple of 11?
True
Is 7 a factor of 4386627?
True
Does 10 divide 2085459?
False
Is 76 a factor of 946965?
False
Is 34620 a multiple of 2?
True
Is 173 a factor of 875207?
True
Is 9 a factor of 719579?
False
Does 10 divide 2463548?
False
Does 50 divide 5685861?
False
Does 11 divide 87076?
True
Does 191 divide 136374?
True
Is 33 a factor of 1155643?
False
Is 1376094 a multiple of 75?
False
Is 790 a factor of 1141184?
False
Is 12 a factor of 87331?
False
Is 19 a factor of 35413?
False
Is 1857 a factor of 6187266?
False
Does 10 divide 555086?
False
Is 427 a factor of 67039?
True
Is 2712456 a multiple of 909?
True
Does 25 divide 289490?
False
Does 180 divide 74762?
False
Does 15 divide 3136770?
True
Is 3242510 a multiple of 28?
False
Is 1911415 a multiple of 56?
False
Is 966528 a multiple of 144?
True
Is 59 a factor of 182879?
False
Is 102 a factor of 125460?
True
Does 15 divide 2002549?
False
Is 13 a factor of 697099?
True
Is 41395 a multiple of 5?
True
Is 1076760 a multiple of 45?
True
Is 338776 a multiple of 212?
True
Is 250 a factor of 135750?
True
Is 529 a factor of 4592249?
True
Is 12 a factor of 1728?
True
Is 191928 a multiple of 11?
True
Does 50 divide 415334?
False
Is 2019732 a multiple of 321?
True
Is 54 a factor of 5710770?
True
Does 6 divide 619775?
False
Does 77 divide 583047?
False
Does 16 divide 2881648?
True
Does 13 divide 5510851?
False
Is 4692886 a multiple of 19?
True
Is 3 a factor of 35399?
False
Is 6077 a multiple of 2?
False
Is 432324 a multiple of 27?
True
Is 1377737 a multiple of 14?
False
Does 23 divide 989621?
True
Is 1223 a factor of 7357944?
False
Is 7524 a multiple of 640?
False
Is 7040 a multiple of 128?
True
Does 218 divide 161871?
False
Is 1450 a multiple of 58?
True
Does 52 divide 232863?
False
Is 321948 a multiple of 9?
True
Does 100 divide 73897?
False
Does 3 divide 567629?
False
Is 507940 a multiple of 12?
False
Is 21 a factor of 210387?
False
Is 150 a factor of 3046800?
True
Is 500990 a multiple of 14?
True
Does 1622 divide 5623474?
True
Is 18 a factor of 2468790?
True
Is 518800 a multiple of 50?
True
Is 8190 a multiple of 182?
True
Is 6210930 a multiple of 1210?
True
Is 1954406 a multiple of 38?
False
Is 115 a factor of 443325?
True
Is 14525118 a multiple of 18?
True
Is 83000 a multiple of 86?
False
Is 5648746 a multiple of 16?
False
Does 23 divide 8626?
False
Is 78 a factor of 92356?
False
Is 4092400 a multiple of 80?
True
Is 41 a factor of 43346?
False
Does 59 divide 39445?
False
Is 11006964 a multiple of 185?
False
Is 45 a factor of 267165?
True
Does 58 divide 141743?
False
Is 437 a factor of 222870?
True
Is 182 a multiple of 13?
True
Does 2 divide 35419?
False
Does 394 divide 22278?
False
Is 13142136 a multiple of 571?
True
Is 95 a factor of 6749630?
False
Is 148 a factor of 378946?
False
Is 29686 a multiple of 57?
False
Is 37 a factor of 157751?
False
Is 21 a factor of 24751?
False
Does 219 divide 358284?
True
Does 468 divide 775476?
True
Is 4260949 a multiple of 901?
False
Is 532629 a multiple of 27?
True
Does 260 divide 512440?
False
Does 4 divide 79784?
True
Is 10928 a multiple of 2?
True
Does 44 divide 313152?
False
Does 58 divide 16866952?
False
Is 481481 a multiple of 143?
True
Is 82 a factor of 518054?
False
Does 56 divide 12610990?
False
Is 42 a factor of 684558?
True
Is 279731 a multiple of 29?
False
Does 82 divide 586874?
True
Does 17 divide 3613605?
True
Is 9 a factor of 109761?
False
Is 1577445 a multiple of 164?
False
Does 42 divide 1118915?
False
Does 197 divide 140844?
False
Is 15 a factor of 389621?
False
Is 7 a factor of 428092?
True
Does 1330 divide 4636380?
True
Is 3722764 a multiple of 544?
False
Is 73 a factor of 2543977?
True
Does 85 divide 33617?
False
Does 27 divide 1224342?
True
Does 14 divide 3805?
False
Is 53 a factor of 875772?
True
Does 21 divide 75686?
False
Is 762759 a multiple of 533?
False
Does 5 divide 415096?
False
Does 87 divide 257817?
False
Is 2125170 a multiple of 255?
True
Is 1013824 a multiple of 73?
True
Does 69 divide 147798?
True
Is 334620 a multiple of 234?
True
Is 25 a factor of 28587?
False
Does 8 divide 341200?
True
Is 177 a factor of 594005?
False
Is 3040407 a multiple of 124?
False
Does 6 divide 918600?
True
Does 427 divide 425303?
False
Does 39 divide 228111?
True
Is 720 a factor of 401040?
True
Is 280786 a multiple of 8?
False
Does 255 divide 12967933?
False
Is 12462857 a multiple of 101?
False
Does 23 divide 3229487?
False
Is 70847 a multiple of 29?
True
Does 18 divide 272480?
False
Is 1547697 a multiple of 51?
True
Is 14 a factor of 2665236?
True
Is 107 a factor of 19808?
False
Does 207 divide 170546?
False
Is 311 a factor of 3700000?
False
Is 112698 a multiple of 68?
False
Is 668 a factor of 5949876?
True
Is 339578 a multiple of 8?
False
Does 97 divide 867568?
True
Is 10218163 a multiple of 10?
Fa